-13 + 3)*1/(-2). Let c(d) = d - z*d + 4*d + d. Let n be -3 - 3*(-1 + 0). Give c(n).
0
Let p = 36 + -34. Let k(j) be the third derivative of j**6/120 - j**5/30 - j**4/8 + 2*j**3/3 - 4*j**2. Give k(p).
-2
Let l(i) be the second derivative of 3*i**3 + 9*i**2 - 11*i - 167. Determine l(-8).
-126
Let j(h) be the second derivative of 2*h**3/3 + 3*h**2 + 148*h. Let n(o) = -o + 2. Let v(z) = -z**2 + 6*z - 2. Let s be v(4). Let r be n(s). Give j(r).
-10
Suppose p - 3 = -3*n, 4*p - 3*n = -8*n + 19. Let i = p + -4. Let b(x) = 2 + 11*x**3 + 0*x - 5*x + 6*x**i + x - 12*x**3. Calculate b(5).
7
Let m(b) = 11 - 5*b + 5*b + b. Suppose 0 = -155*d - 298*d - 2718. What is m(d)?
5
Let b(r) be the first derivative of r**4/2 + 77*r**3/3 + 20*r**2 + 77*r + 1799. What is b(-38)?
1
Let b(l) be the second derivative of l**3/6 + 15*l**2/2 + 62*l. Suppose 0 = -r + 1 + 3. Suppose 0 = 2*z - r*z. Determine b(z).
15
Let m(r) be the first derivative of r**3/3 - 5*r**2 - 39*r + 219. Give m(16).
57
Let u(l) be the third derivative of l**5/60 - 13*l**4/24 + 23*l**3/3 - l**2 + 919*l + 1. What is u(19)?
160
Let u(v) = 2*v**3 - 2*v**2 - 2. Let p be (-29)/((-1044)/(-48))*(-12)/1. Let n be -1*(-1)/(-1)*-2. Suppose -4*o + o = 2*k - p, -6 = 2*o - n*k. Determine u(o).
6
Suppose 0 = g - n + 39, 5*g - n = -0*n - 199. Let f = g + 44. Suppose -f*w - 20 = -5*v - 0, -3*v = -12. Let q(d) = d**2 + 23. What is q(w)?
23
Let f(b) = b**3 - 17*b**2 + 39*b + 42. Let o be f(14). Let t(r) = r**2 - r - 11. Calculate t(o).
-11
Let w be (-1785)/161 + 1 + 34/391. Let i(o) = -o**2 - 6*o + 4. Determine i(w).
-36
Let l(a) be the third derivative of -a**6/120 + a**5/20 - 11*a**4/24 + 11*a**3/3 - 27*a**2 + 2*a - 1. Give l(2).
4
Let x(g) = g - 7. Let l(n) = 67*n + 45. Let p be l(-5). Let o be 1/(1/(-2)) - p/5. Suppose -32*y = -39*y + o. Determine x(y).
1
Suppose 3*s = 13*q - 12*q - 17, -2*s = 2*q - 2. Let h(d) = 10*d - 4*d - 7*d + 0*d + q. Calculate h(7).
-2
Let k(w) = 286 + 285 + 285 + 167*w + 274 - 1128. What is k(1)?
169
Let m(h) = 57*h - 20*h + h**2 + 64 - 269 - 13*h - 7*h. Give m(8).
-5
Let l(v) = -6*v - 12. Let a(m) = 5*m + 9. Let d(t) = 7*a(t) + 6*l(t). Let b = 180 + -185. Give d(b).
-4
Let n(x) = -x**3 + 6*x**2 - 6*x - 4. Suppose -2*t - 2*s = -22, -2*s + 6*s = 16. Suppose -t*l + 24 = -11. What is n(l)?
-9
Let r(u) = u**3 + 7*u**2 + 8*u + 13. Let a be 13264/(-4974)*((-26)/(-8) - 1). Give r(a).
1
Let s = 1290 - 2266. Let k = 980 + s. Let n(d) be the second derivative of d**4/12 + d**3/6 - 5*d**2/2 - d. Give n(k).
15
Let b(p) be the first derivative of p**3/3 - 3*p**2/2 + 5*p - 1053. Let w be (-286)/(-65) - (-4)/(-10). Give b(w).
9
Let h(r) = -3 + 0 + 3516*r**2 - 3521*r**2 - 48*r + 16*r - 2. Determine h(-6).
7
Let y(b) = 34*b**2 - 8*b**2 - 16*b - 50*b**3 + 51 + 49*b**3 - 13*b**2. Give y(12).
3
Let k(l) be the third derivative of -l**4/6 - l**3 + l**2. Suppose -3724 + 124 = -102*p + 822*p. What is k(p)?
14
Suppose 11*u - 8*u - 12309 = 0. Let o = u + -2851. Let k(h) = -1252 + o - 11*h**3. Give k(1).
-11
Let q(y) be the third derivative of -y**4/24 - 4*y**3/3 - 2*y**2 + y + 233. Suppose 10 = 4*r + r. Suppose 9 = 4*k + 4*n - 31, 22 = r*k + 3*n. Calculate q(k).
-16
Let h(a) = -6*a**2 - 42*a - 7. Let g = 5133 - 5140. What is h(g)?
-7
Let y(v) be the third derivative of v**5/60 - 13*v**4/24 + 5*v**3/3 + v**2. Suppose -48*o + 738 - 162 = 0. Determine y(o).
-2
Suppose -65*z = -66*z - 53*z. Let t(u) be the third derivative of 7/120*u**6 - 14*u**2 + 0*u + 0*u**3 + z*u**5 + 0 - 1/24*u**4. Calculate t(1).
6
Let m(a) be the first derivative of -a**2/2 + 3*a - 6. Let q(g) = -g**3 - 26*g**2 - 14*g + 283. Let f be q(-25). Calculate m(f).
-5
Let p(w) = -2*w + 22. Let l be -4 + -28*8/(-16). Suppose -21 = -v - l. What is p(v)?
0
Suppose 3*j - 15 = -3. Let k = j - 7. Let x(s) = 4*s + 19. Let l(w) = 5*w + 34. Let n(q) = 4*l(q) - 7*x(q). Give n(k).
27
Let r = -3711 + 3719. Let m(q) = -q**3 + 8*q**2 + q + 3. Give m(r).
11
Suppose 0 = -l - 83 + 2. Let t = l - -76. Let k(o) = o - 2. Let p(r) = r - 2. Let u(m) = t*p(m) + 6*k(m). What is u(1)?
-1
Let w(q) = 52*q**2 + 1819*q - 31. Let f be w(-35). Let p(s) = -18*s + 10. Determine p(f).
-62
Let g(r) = 4*r**3 - 6*r + 12. Let k(f) = 9*f**3 - f**2 - 10*f + 24. Let y(n) = -7*g(n) + 3*k(n). Calculate y(2).
-8
Let g be -5*(-2 + (-24)/(-15)). Let x be 5/(1 + g/(-4)). Let f(p) be the first derivative of -p**2/2 + 5*p + 1052. Calculate f(x).
-5
Let s = 7171 + -7188. Let l(y) = y**2 + 14*y - 48. What is l(s)?
3
Let k(c) be the second derivative of -3*c**8/1120 - c**7/2520 - c**6/720 + c**5/120 - 71*c**4/12 + 44*c. Let q(n) be the third derivative of k(n). What is q(1)?
-19
Let m(b) = -b**3 + 5*b**2 + 7*b - 15. Suppose 0 = 13*j + 900 - 978. Calculate m(j).
-9
Suppose 24*p - 28*p = -12*y - 80, 3*y + 22 = -p. Let m(f) = 25*f**2 - 5*f - 5. Determine m(p).
25
Let o(g) = -g**3 + 4*g**2 + 3*g - 3. Suppose w = y - 3, -3*w = 4*y + 6 + 10. Let f be 1/1 - (y + 0). Calculate o(f).
11
Let a(s) = -2 + s + 1 - 2. Let h be ((-7)/(7/(-40)))/((-2)/(-1)). Suppose 6*x - 3*z = 2*x + h, z = 4*x - 20. Give a(x).
2
Suppose -3*i + 24 = 4*w, 2*w + 3*w - 5*i = 30. Let u = w - 3. Let k(o) = -4*o**3 - 3*o**3 - 2 + 11*o**3 - 2*o**2 - 3*o**3 - 3*o. Determine k(u).
-2
Suppose 2*j - l - 3 = 0, 4*j = 2*j + 2*l. Let g(s) = 4*s + 398*s**2 - s**j - 196*s**2 - 2*s - 200*s**2 - 6. What is g(4)?
-30
Let l(v) = -3*v**2 + 5*v + 7. Let j(d) be the second derivative of d**4/12 - d**3/6 + 78*d. Let x(r) = 2*j(r) + l(r). Give x(5).
-3
Let f = -211 - -213. Suppose a - 5*y - 10 = 0, -f*a + a + 3*y = -2. Let r(b) = -b**2 - 10*b - 15. What is r(a)?
-15
Let c(a) = -a**3 - 5*a**2 + 15*a + 16. Suppose 3*g = 2*s - 23, -2*g - 12 = -5*s + 7*s. What is c(g)?
9
Suppose 14*o + 31 + 53 = 0. Let t(k) be the first derivative of -3*k**2/2 - 11*k - 130. Give t(o).
7
Let u(s) = -5*s + 3. Let i(j) = -3*j + 2. Let y be i(-2). Suppose 0 = 5*o - y*o + 3. Let z(a) = -a - 1. Let k(p) = o*u(p) - 6*z(p). Determine k(0).
9
Let r(u) = 941*u - 469*u - 475*u - 4. Calculate r(-8).
20
Suppose -25*s + 18*s + 49 = 0. Let n(k) be the second derivative of -k**3/3 - 5*k**2/2 + 85*k + 10. Calculate n(s).
-19
Let r(g) = -g - 5. Let b(k) = -3*k - 17. Let n be -20 + ((-130)/(-39) - (-2)/(-6)). Let s(h) = n*r(h) + 6*b(h). Give s(-14).
-3
Suppose 4*p - 26 = 3*p - 4*b, -5*b + 1 = -4*p. Let r(q) = 9*q**3 + 17*q**3 - 15 + 6*q**3 + 6*q + 32*q**3 + 5*q**2 + 15*q**3 - 80*q**3. Determine r(p).
-15
Let k(p) be the first derivative of -p**4/8 + 2*p**3/3 + 113*p**2 + 92. Let c(q) be the second derivative of k(q). Determine c(2).
-2
Let t(l) = 2*l**3 + 11*l**2 - 11*l - 32. Let j be t(-6). Let f(i) = 9*i**2 + 2*i + 7. Let k(c) = 4*c**2 + 2*c + 3. Let r(b) = j*f(b) + 5*k(b). Calculate r(-5).
21
Let x = 499 + -475. Let s be 6 - (1 - x/(-3)). Let f(g) = g**3 + 2*g**2 - 3*g + 3. Calculate f(s).
3
Let r(q) = -21 + 98*q**2 - 162*q**2 - 8*q + 63*q**2. Determine r(-6).
-9
Let p(c) = -c**3 + 3*c**2 + 4*c - 6. Let u(f) = 31*f**2 + 1. Let r(d) = d - 10. Let j be r(9). Let i be u(j). Let l = i - 28. What is p(l)?
-6
Let s(g) = -g**2 - 6*g - 6. Let d be (2 - 0)*(-2 + 15/10). Let v be 81 + -1 + 6/(3/d). Suppose -r - 82 = -v. Determine s(r).
2
Suppose -3*b + 69 = -2*b - 3*x, 2*b - 4*x - 134 = 0. Let t = -180 + 121. Let u = t + b. Let k(n) = -n**3 + 3*n**2 + 6*n - 6. Determine k(u).
2
Let s(y) = 3*y - 59. Let f(n) = 629*n - 615. Let i be f(1). Give s(i).
-17
Let p(m) = 13 - 12 - 25*m + 6*m + 9*m + 8*m. Give p(5).
-9
Let k(m) = -m**2 - 21*m - 40. Let u(c) = c + 13. Let q(b) = -k(b) - 3*u(b). Calculate q(-15).
-44
Let o(l) = l**3 - 5*l**2 - l. Let d(b) = 4*b - 17. Suppose 6*p - 2*p - 40 = 0. Let g be d(p). Suppose 4*q + 3 = g. What is o(q)?
-5
Let g = -759 - -801. Let c(y) = -6*y**2 + 6*y - g + y**3 + 71 - 36. Let d = -2 + 7. Give c(d).
-2
Let y(q) = 13*q**2 - 4*q - 160. Let w(v) = 9*v**2 - 9*v - 159. Let r(t) = 3*w(t) - 2*y(t). Determine r(25).
-7
Let a(l) = -6*l**2 + 14*l - 200. Let u(p) = -2*p**2 + 5*p - 66. Let k(j) = 3*a(j) - 10*u(j). Let d(o) be the first derivative of k(o). What is d(4)?
8
Let g(c) = 102*c - 205. Let s be g(2). Let t(j) = -5 + 3 - 28*j**2 + 3 + 0. Calculate t(s).
-27
Let q(l) = 263*l**3 + 2*l**2 + 113*l - 21. Let j(a) = -368*a**3 - 3*a**2 - 169*a + 31. Let k(d) = -5*j(d) - 7*q(d). Determ